 2350.
94
What is the greatest common divisor of 96 and 1008?
48
What is the highest common divisor of 189 and 27?
27
Calculate the highest common factor of 55 and 3553.
11
Calculate the highest common factor of 49 and 490.
49
What is the greatest common factor of 171 and 6?
3
What is the greatest common factor of 902 and 574?
82
What is the greatest common divisor of 20 and 220?
20
Calculate the highest common divisor of 2989 and 61.
61
Calculate the highest common divisor of 323 and 17.
17
What is the greatest common divisor of 260 and 2743?
13
What is the highest common factor of 120 and 216?
24
What is the highest common factor of 73557 and 22?
11
Calculate the highest common divisor of 144 and 234.
18
What is the highest common divisor of 33 and 165?
33
Calculate the greatest common factor of 78 and 26.
26
What is the greatest common divisor of 52 and 8788?
52
Calculate the highest common factor of 17445 and 15.
15
What is the greatest common factor of 142 and 1207?
71
Calculate the highest common factor of 8 and 312.
8
Calculate the highest common divisor of 1102 and 290.
58
Calculate the greatest common factor of 23380 and 56.
28
What is the greatest common divisor of 1143 and 9?
9
Calculate the highest common factor of 125 and 775.
25
What is the greatest common divisor of 319 and 203?
29
Calculate the greatest common divisor of 15 and 615.
15
Calculate the highest common factor of 6986 and 14.
14
What is the highest common divisor of 210 and 189?
21
What is the greatest common factor of 154 and 28?
14
What is the greatest common divisor of 3 and 44?
1
Calculate the greatest common divisor of 845 and 507.
169
Calculate the highest common factor of 5451 and 46.
23
What is the highest common factor of 2241 and 1411?
83
What is the highest common factor of 391 and 299?
23
Calculate the highest common divisor of 10 and 3955.
5
What is the highest common factor of 13 and 936?
13
Calculate the highest common divisor of 15 and 2355.
15
What is the highest common factor of 120 and 1695?
15
Calculate the greatest common divisor of 56 and 952.
56
What is the greatest common divisor of 357 and 510?
51
What is the highest common divisor of 279 and 31?
31
What is the greatest common divisor of 15 and 80?
5
What is the highest common factor of 20 and 5?
5
Calculate the greatest common divisor of 1503 and 225.
9
Calculate the greatest common factor of 77 and 55.
11
What is the greatest common divisor of 73 and 511?
73
What is the greatest common factor of 200 and 4600?
200
What is the highest common divisor of 1072 and 134?
134
What is the highest common factor of 96 and 2368?
32
Calculate the highest common divisor of 378 and 837.
27
What is the greatest common factor of 48620 and 68?
68
What is the highest common factor of 44831 and 353?
353
Calculate the highest common factor of 108 and 378.
54
What is the highest common divisor of 84 and 1164?
12
Calculate the highest common divisor of 2648 and 8.
8
Calculate the greatest common divisor of 36 and 333.
9
Calculate the highest common factor of 195 and 130.
65
Calculate the greatest common divisor of 31 and 1240.
31
What is the greatest common divisor of 170 and 40?
10
What is the greatest common divisor of 5 and 65?
5
Calculate the greatest common factor of 75 and 480.
15
What is the highest common divisor of 650 and 950?
50
Calculate the greatest common divisor of 57 and 6.
3
What is the greatest common factor of 30 and 1290?
30
Calculate the highest common divisor of 66 and 968.
22
Calculate the greatest common divisor of 15 and 5055.
15
What is the highest common factor of 1264 and 1738?
158
Calculate the greatest common divisor of 245 and 595.
35
Calculate the highest common divisor of 52 and 78.
26
What is the highest common factor of 544 and 192?
32
What is the greatest common divisor of 744 and 168?
24
Calculate the highest common factor of 822 and 8083.
137
What is the greatest common factor of 22631 and 53?
53
What is the highest common divisor of 18 and 18?
18
What is the highest common divisor of 1 and 1709?
1
Calculate the highest common divisor of 9165 and 390.
195
What is the highest common divisor of 3572 and 152?
76
Calculate the highest common divisor of 153 and 561.
51
What is the greatest common divisor of 9 and 279?
9
Calculate the highest common divisor of 26 and 143.
13
What is the greatest common divisor of 1105 and 13?
13
What is the greatest common factor of 33825 and 41?
41
Calculate the highest common factor of 7 and 3409.
7
Calculate the greatest common factor of 36 and 3609.
9
What is the highest common factor of 4064 and 32?
32
What is the greatest common divisor of 246 and 943?
41
What is the highest common divisor of 9 and 4581?
9
Calculate the highest common factor of 9 and 33.
3
Calculate the highest common divisor of 26 and 6.
2
What is the highest common divisor of 24 and 3528?
24
What is the highest common factor of 26 and 1027?
13
What is the greatest common factor of 189 and 7?
7
Calculate the highest common factor of 40 and 14.
2
Calculate the greatest common divisor of 320 and 240.
80
What is the highest common factor of 4 and 236?
4
Calculate the greatest common divisor of 3791 and 1115.
223
Calculate the highest common factor of 146 and 4526.
146
Calculate the highest common divisor of 2 and 64.
2
Calculate the highest common factor of 262 and 6550.
262
Calculate the highest common factor of 100 and 25.
25
Calculate the highest common factor of 817 and 19.
19
What is the highest common divisor of 1484 and 28?
28
Calculate the highest common divisor of 154 and 392.
14
What is the highest common divisor of 10 and 27390?
10
Calculate the greatest common divisor of 52 and 611.
13
Calculate the greatest common divisor of 117 and 741.
39
Calculate the highest common factor of 234 and 1746.
18
What is the greatest common factor of 897 and 39?
39
Calculate the highest common factor of 11 and 583.
11
What is the highest common factor of 781 and 1136?
71
What is the greatest common divisor of 70 and 84?
14
Calculate the greatest common divisor of 404 and 4.
4
Calculate the greatest common divisor of 550 and 150.
50
Calculate the highest common divisor of 308 and 1428.
28
Calculate the greatest common factor of 33069 and 438.
219
Calculate the greatest common factor of 285 and 114.
57
What is the greatest common factor of 168 and 1120?
56
Calculate the highest common divisor of 13 and 3744.
13
What is the greatest common divisor of 6216 and 2016?
168
What is the greatest common divisor of 47 and 14382?
47
What is the highest common divisor of 687 and 6?
3
Calculate the highest common factor of 3 and 129.
3
Calculate the greatest common divisor of 276 and 36.
12
What is the highest common factor of 120 and 1110?
30
Calculate the greatest common divisor of 13261 and 178.
89
What is the highest common divisor of 111 and 60?
3
Calculate the highest common divisor of 45 and 45.
45
Calculate the greatest common divisor of 9 and 63.
9
Calculate the highest common divisor of 6336 and 336.
48
What is the highest common divisor of 26 and 1079?
13
What is the highest common divisor of 798 and 57?
57
Calculate the greatest common factor of 3878 and 56.
14
What is the greatest common factor of 30 and 246?
6
Calculate the highest common factor of 251 and 16.
1
What is the greatest common factor of 81 and 63?
9
What is the highest common divisor of 110 and 530?
10
What is the greatest common divisor of 120 and 696?
24
What is the greatest common factor of 1558 and 304?
38
Calculate the highest common divisor of 400 and 64.
16
Calculate the greatest common divisor of 33 and 891.
33
What is the greatest common divisor of 32 and 4064?
32
Calculate the highest common divisor of 78 and 351.
39
What is the highest common divisor of 44 and 388?
4
Calculate the highest common divisor of 1050 and 14.
14
Calculate the greatest common factor of 228 and 285.
57
Calculate the highest common divisor of 904 and 113.
113
What is the greatest common divisor of 315 and 189?
63
What is the highest common divisor of 284 and 4?
4
Calculate the highest common factor of 164 and 697.
41
What is the greatest common factor of 13338 and 39?
39
Calculate the greatest common factor of 75 and 10.
5
Calcula